ve of a**3/3 - a**2 - 2*a - 3. Give j(3).
1
Let o(a) = 11*a - 6. Let i(w) = 10*w - 5. Let p(s) = -6*i(s) + 5*o(s). What is p(-1)?
5
Let o be ((-16)/(-12))/(4/12). Let q(p) = -p + 5. Give q(o).
1
Let t = -5 + 7. Let q(l) = 1 + 5*l**2 + 0*l**t + 1 + 5*l - 4*l**2. Calculate q(-3).
-4
Let l(h) = -h**3 + 10*h**2 - h + 14. Let p be l(10). Let f(b) = 3 - b - 6 - p. What is f(-4)?
-3
Suppose -n + 4*n + 3 = 0. Let c(d) be the third derivative of -d**8/5040 - d**6/720 - d**5/30 - d**2. Let z(y) be the third derivative of c(y). Determine z(n).
-5
Let j(b) = b**2 - 4*b + 1. Suppose 3*u + 21 = 4*x - 0*u, 3*x + 4*u + 3 = 0. Suppose 2*s - f - 13 - 1 = 0, -x*s + 5*f + 35 = 0. What is j(s)?
6
Let k(p) be the first derivative of 2 + 0*p + 1/120*p**5 + 1/3*p**3 + 0*p**2 + 0*p**4. Let o(y) be the third derivative of k(y). Determine o(3).
3
Let m(p) = -1 + 5 + 3*p**2 - 2*p**2. Calculate m(-3).
13
Let x(s) = -s**2 + 7*s. Let i be x(6). Let y(h) = -3 + h + 0*h + 6*h**2 - 5 + h - h**3. Determine y(i).
4
Suppose -c + 4 = -1. Suppose 0 = -0*p + c*p + 25. Let u(s) = s**3 + 5*s**2 - 5. Give u(p).
-5
Let c be (14/56)/((-2)/8). Let n(r) = -12*r**3 + 1. Give n(c).
13
Let s(f) = -2*f - f**2 - 40 + 6*f + 41. What is s(5)?
-4
Let p(d) = -d**2 + 2*d - 2. Let v(l) = -l + 4. Let r be v(4). Suppose -5*g + 10 = -r. What is p(g)?
-2
Let p(r) = r**3 - 6*r**2 + 2*r + 3. Let l = 30 + -24. Determine p(l).
15
Let z(k) be the second derivative of 0 + 3*k - 1/2*k**3 + 1/12*k**4 - k**2. Give z(5).
8
Let u(d) = -3*d + 0*d - 3*d + 1. Let b = -3 + 2. Let x be 1 - (b + 2)*0. Give u(x).
-5
Let m(y) = -29*y**2 - 5 + 3 + 24*y**2 + 6*y - y**3. Let p = 2 - 8. Calculate m(p).
-2
Suppose -3*a - 6 = 4*n, -n + 3*n = -2*a - 2. Let g(q) = a*q - 3*q - q + q. Determine g(-1).
1
Suppose -18 = 3*s - 9. Let j(p) = p**3 + 4*p**2 + 2*p - 1. Give j(s).
2
Let t(m) be the third derivative of -1/15*m**5 - 3*m**2 + 0 + 1/120*m**6 - 1/24*m**4 + 2/3*m**3 + 0*m. Let d(g) = -2*g - 7. Let j be d(-5). What is t(j)?
-8
Let y(o) = -6*o + 1. Let p be 2/(-8) + 25/20. Let s be (-6)/3 + 2 + p. Determine y(s).
-5
Suppose 0 = 2*z + 9 - 1. Let j(t) = -7*t + 2*t - 3*t - 1 + 9*t. Calculate j(z).
-5
Suppose -4 = -5*y + 16. Suppose -8*h = -11*h. Let m(l) = h - y + 2 + 3*l. Give m(3).
7
Let v(d) = -d**3 - 4*d**2 - 3*d. Suppose 0 = 2*g - 2*n - 2, -g - 4*n = -3*g + 10. Let h = g + -2. Let x(c) = 2*c + 7. Let k be x(h). Determine v(k).
0
Let v = -3 + 3. Suppose 0 = -v*l - l + 6. Let u(i) = -13*i**2 - 13*i - 2. Let o(g) = -7*g**2 - 7*g - 1. Let f(t) = l*u(t) - 11*o(t). Determine f(-2).
-3
Let w(s) = s**2 - 7*s + 3. Let f = -40 - -46. Determine w(f).
-3
Let u(p) = -p - 4. Let k be u(-7). Suppose k = 3*d - 3. Let l(y) = 3*y**2 - 4 - 2*y + 3*y - d*y**2. Calculate l(3).
8
Let l(k) be the third derivative of 1/2*k**3 + 1/120*k**6 + 0 + 0*k + 1/30*k**5 + 0*k**4 - k**2. What is l(-3)?
-6
Let h be (-160)/(-28) + 2/7. Let j be -2 + h + (-2)/2. Let c(p) = -p + 6 - p**j + p. Calculate c(0).
6
Let o(i) be the second derivative of 0 - 1/6*i**3 - 3/2*i**2 + 3*i. Calculate o(3).
-6
Let b(z) = -z - 3. Let y(m) = -m - 4. Let x(l) = -4*b(l) + 3*y(l). Give x(1).
1
Let q(l) be the second derivative of 0 - 2*l - 2*l**2 + 1/12*l**4 + 1/2*l**3. Calculate q(-4).
0
Let w = 1 - -1. Suppose i + w = 4. Suppose -i = 2*x + 2. Let h(v) = v + 2. Determine h(x).
0
Let z(b) = -b**3 + 3*b**2 + 3*b + 1. Let j(q) = -2*q**3 + 5*q**2 + 7*q + 3. Let r(o) = -2*j(o) + 5*z(o). Let v be r(5). Let k(p) = -p + 2. Give k(v).
-2
Let i(y) = -8*y + 4 - 10*y + 13*y. What is i(3)?
-11
Let y(v) = -v**2 - 5*v - 3. Let n be y(-3). Let d(r) = 2 + r - 3*r + 0 - r. What is d(n)?
-7
Let a be (-2 - 2)*2/(-4). Let c = -3 + a. Let j(f) = -f + 1. Give j(c).
2
Let x = -7 + 3. Let t(k) be the second derivative of -k**5/20 - k**4/4 + k**3/3 - 8*k. Determine t(x).
8
Let z(h) = -h. Let l(r) = -r - 1. Let o(y) = -2*l(y) + z(y). Let b be o(-5). Let p(w) = -6 - w**3 + 4 - 3*w**2 - 4*w - 2*w**2. Determine p(b).
-8
Suppose -57 + 21 = -6*n. Let y(w) = -w**3 + 7*w**2 - 5*w - 4. Determine y(n).
2
Let v(w) = 5*w**2 + w**3 - 9*w**2 + 4*w + 5*w**3 - 5*w**3 - 1. Give v(3).
2
Let y(i) be the second derivative of i**4/3 + i**3/6 - i**2/2 + 20*i. Calculate y(1).
4
Suppose -10 = 4*l - 22. Let x(c) be the first derivative of 1/4*c**4 - 2/3*c**l + 1 - 3/2*c**2 - 2*c. Give x(3).
-2
Let v(q) be the third derivative of q**5/12 - 19*q**4/24 - 5*q**3/2 - 2*q**2. Let s(o) = o**2 - 5*o - 4. Let c(y) = 9*s(y) - 2*v(y). Give c(-4).
6
Let x(c) = -c. Let b = 10 - 9. Let w(v) = 5*v - 4. Let y(g) = b*w(g) + 4*x(g). Give y(3).
-1
Let z(q) = 4*q**2 + 3*q + 2. Let r(w) = -w**2 + 0*w + 10*w**2 + 6*w + 5. Let s(o) = -2*o - 7. Let v be s(-7). Let g(t) = v*z(t) - 3*r(t). Give g(-5).
9
Let s be (1 - 0)/(1/2). Let m(t) = s - 4 - 5*t**2 + 4*t + t**3 + t**2. What is m(2)?
-2
Let a(w) = 3*w + 6. Let g(p) = -2*p - 3. Let i(o) = -3*a(o) - 5*g(o). Give i(3).
0
Let w(h) = -5*h**3 + 2*h**2 - 2*h + 1. Let l(m) = -6*m**3 + 3*m**2 - 2*m + 1. Let p(c) = -2*l(c) + 3*w(c). What is p(1)?
-4
Let l(t) = t**3 - 7*t**2 + 5*t + 8. Let y be l(6). Let i(p) = 3*p**2 - 4*p + 3. Calculate i(y).
7
Suppose -2*l = -3*k + 4, 5*k + 2*l - 6 = 6. Suppose k*a - 4 = -2*a. Let d(z) = 13*z**3 - 2*z**2 + z. Determine d(a).
12
Let f(u) = u**2 - 7*u + 1. Let p be f(7). Let w(q) = -9*q**3 + q**2 - q. What is w(p)?
-9
Suppose 1 = -3*z - 2. Let c(u) = u**2 + u - 2. Let p be c(-3). Let y(q) = 1 + p*q + 5*q - 5*q. Calculate y(z).
-3
Let l = 6 + -10. Let y = 6 + l. Let i(r) = 0 - 3*r + 3 - r. Give i(y).
-5
Let k(j) be the third derivative of -1/60*j**5 + 0 - 1/3*j**3 - 4*j**2 + 0*j - 1/4*j**4. Determine k(-5).
3
Let w(b) = 3*b - 2. Let t(o) = 3*o - 14. Let q be t(6). Calculate w(q).
10
Let t(j) be the first derivative of j**4/4 + 4*j**3/3 - 2*j**2 + 6*j - 6. Let o(v) = -v - 5. Let s be o(0). Calculate t(s).
1
Let k(g) = 5*g**2 + g**3 + 2*g - 11*g**2 - 6*g - 10. What is k(7)?
11
Let j(d) be the second derivative of 0 - 2*d + 0*d**3 - 3*d**2 + 1/12*d**4. Calculate j(0).
-6
Let p(u) be the second derivative of -u**5/20 - u**4/12 + u**3/2 + u**2 + u. Let n(k) = 4*k**3 - k**2. Let g be n(1). Suppose -g = 5*b + 7. Give p(b).
0
Let k(r) = -2*r**2 - 5*r - 4. Let z be (8 - 6)*(-9)/6. Give k(z).
-7
Let w = -1 + -3. Let z(j) = 3*j - 180 - 180 - 171 + 536. Give z(w).
-7
Let x(n) = 3*n + 5. Let z = -69 + 65. Determine x(z).
-7
Let k = 9 - 15. Let m(j) = j**3 + 5*j**2 - 8*j + 1. Give m(k).
13
Suppose -3*p = -7*p - 24. Let s(b) be the first derivative of -b**4/4 - 7*b**3/3 - 2*b**2 - 3*b - 1. What is s(p)?
-15
Let c(z) = -2 + 0 - z + 3. Suppose -4*a + 2*a + h + 2 = 0, 4*a = h + 6. Calculate c(a).
-1
Let t(w) be the third derivative of -w**4/8 + 17*w**2. What is t(2)?
-6
Suppose 2*g = -4*u + 2, 2*g - 2*u + 7 = -3. Let k(l) = 4 + 0*l**2 + 1 + 2*l**2 - 2 - 3*l + l**3. What is k(g)?
3
Let v be 95/120 + 3/(-4). Let m(w) be the third derivative of 1/120*w**6 + 0*w + 3*w**2 + 0 - v*w**4 + 1/60*w**5 + 0*w**3. What is m(0)?
0
Let a(u) be the third derivative of u**8/6720 + u**7/840 - u**6/240 + u**5/30 - u**4/8 + 2*u**2. Let c(t) be the second derivative of a(t). Determine c(-4).
0
Let a(g) be the second derivative of -g**5/20 + g**4/4 - g**3/6 + g**2 - 20*g. Determine a(4).
-18
Let x(v) = -v. Let j(d) = -d**2 - 5*d + 8. Let k be j(-6). Let u(y) = -2 + k*y + 3 + 0*y. Let a(r) = 2*u(r) + 6*x(r). Determine a(3).
-4
Suppose -5*v + 7 = -13. Let p(l) be the first derivative of -l**2 + 3*l - l**3 + 1/4*l**v - 2. What is p(3)?
-3
Suppose 3*h - 6*h - 3 = 0. Let m = -1 - h. Let d(c) = m*c**3 - c + 1 - c**3 - 6. Determine d(0).
-5
Let m be (-3)/12*2*(4 - 4). Let g(j) = -j**3 + j**2 - j - 8. Give g(m).
-8
Let c(n) = -n + 5. Let t be 2/((-52)/28 - -2). Determine c(t).
-9
Let s = -121 - -123. Let i(j) = -3*j**2 + 3*j - 2 - 2 + 3. Determine i(s).
-7
Let w be (3 - 5) + (4 - 1). Let r be (3 + -3)*1/w. Let n(h) = 5*h**2 - 6*h - 4*h**2 + r*h**2. Calculate n(5).
-5
Let t(p) = p**3 - 5*p**2 + p + 2. Suppose 0*d = -2*d - 6. Let u = 2 - d. Give t(u).
7
Let g(h) = 12*h. Let u(i) = 2*i. Let t(f) = 6*g(f) - 34*u(f). Let p be t(1). Let y(o) be the third derivative of o**4/24 + o**3/3 - 3*o**2. Give y(p).
6
Let j(w) = -w**3 + w - 1. Suppose 13 = 11*i - 9. Give j(i).
-7
Let l(y) = 5*y**2 + 3*y - 4. Let m = -3 - -5. Let n be m*-2*(3 - 4)